**2 + 11*x - 4. Let u = 749 - 735. Let p = 3 - u. Give z(p).
-4
Let n(j) = -j**3 - 4*j**2 + 7*j + 7. Let b be n(-5). Let k(m) = -m**2 + 67*m + 10. Let g(p) = p**2 - 55*p - 9. Let o(f) = -6*g(f) - 5*k(f). What is o(b)?
10
Let r(n) be the first derivative of -5*n**2 + 2*n + 22925. Let y(a) = -3*a**2. Let t be y(-1). What is r(t)?
32
Let q be -5*18/15*10/(-20). Let x(n) = n + 4*n - 5*n**2 - n**3 + 17 - 2*n**q - 20 + 2*n**3. Determine x(-6).
3
Let j = -335 + 335. Suppose j = i + 352 - 353. Let u(x) = -5*x**3 + x**2 - 2*x + 1. Calculate u(i).
-5
Let p(m) = -m**3 - 28*m**2 + 2*m + 52. Let r be p(-28). Let i(h) = -3*h - 14. Let k(y) = -y - 5. Let q(a) = 4*i(a) - 11*k(a). Determine q(r).
3
Let j(t) = t - 10. Let p = -24 + 42. Suppose -4*c + 122 = -p. Let g = c - 27. Determine j(g).
-2
Let p(u) = u**3 + 29*u - 69*u**2 - 77*u**2 - 16 - 33*u + 142*u**2. Give p(6).
32
Let f(k) = 4*k - 2. Let p(t) = 5*t - 3. Let c(v) = -6*f(v) + 5*p(v). Suppose -2*s + 210 = -0*s + 2*u, -4*u = 0. Let h = s - 97. Determine c(h).
5
Let c = -6210 - -6216. Let q(t) be the first derivative of -6*t - 2 - 1/2*t**2. What is q(c)?
-12
Let t(w) = -1 - 31388*w**2 + 15730*w**2 + 15741*w**2 + 2. Calculate t(1).
84
Suppose 28*t - 8 = 26*t - u, -6 = -4*t + 3*u. Suppose -2*k = -2*y + 18, t*y - 5*y + 18 = -k. Let b(a) = -a**2 + 6*a + 6. Give b(y).
-21
Let l(s) = -s**2 + 2*s. Suppose -65*h + 68*h - 5*z = -32, -4*z + 16 = 0. Determine l(h).
-24
Let p(c) = -c**3 + c - 35. Let z(s) = -10*s**2 + 63*s - 18. Let v be z(6). Give p(v).
-35
Let a(q) be the third derivative of q**6/120 - q**5/6 + q**4/2 - 13*q**3/6 - 2*q**2 - 594. Calculate a(9).
14
Let t(u) = -110*u + 114. Let g(i) = 115*i - 120. Let h(v) = 20*g(v) + 21*t(v). Let f(a) = -a**2 + 3*a + 2. Let m be f(4). Give h(m).
14
Suppose -20 = -3*y - 5, -3*w + 3*y = 801. Let n = 270 + w. Let k(j) = j**3 - 9*j**2 + 9*j - 2. Give k(n).
6
Let v(g) = 318*g - 1917. Let n be v(6). Let m(z) = 2*z**2 + 19*z - 24. What is m(n)?
-33
Let d(y) = 4 - 47*y + 100*y - 54*y + 18. What is d(5)?
17
Let r(d) = 20*d - 17*d**2 - 7 - 6*d - 11*d + 22*d**2 + d**3 - 10*d. Give r(-6).
-1
Let d(n) = n + 1. Let x be d(-5). Let h(i) = -282 - 95*i - 65*i + 292 + 161*i. Determine h(x).
6
Let c(t) be the second derivative of 23/20*t**5 + 0 + 0*t**2 + 1/6*t**3 - 23*t - 1/6*t**4. Let m be (-1*(3 - 5))/2. Determine c(m).
22
Let m(j) be the third derivative of j**4/24 + 14*j**3/3 - j**2. Let z(p) = 85*p - 9775. Let n be z(115). Give m(n).
28
Suppose -2*x - 4 = 3*l + 2, 4*x + 4 = -4*l. Let p(o) be the first derivative of o**4/2 - o**3/3 - o**2/2 - 35. Determine p(x).
42
Suppose -9 = -5*b + 4*b. Suppose -o = -b*q + 4*q + 12, 2*o = 2*q - 8. Let y(k) = -7*k - 3. Give y(o).
11
Let f = 3723 + -3730. Let d(x) = -2*x**2 - 4*x + 10. Calculate d(f).
-60
Let v be -1 - (-3 - (0 + -2)). Let b = v - -3. Let h(d) = 2*d + d**3 - 40*d**2 - 5 + 7 + 2 + 36*d**2. Give h(b).
1
Let k(f) = 1 - f**2 - 4 + 0*f - f. Let x(y) = 10*y - 8. Let g be x(-2). Let d be (-14)/161 + g/(-322). What is k(d)?
-3
Suppose 92*y - 150*y = -79*y - 63. Let b(c) = -3*c**3 - c - 16. Give b(y).
68
Let y be 42/(-28) + (-15)/(-2). Let r(d) = -y*d - 3*d + 7*d. Suppose 0*t = -2*t + 14. Calculate r(t).
-14
Let l = -210 + 207. Let o(m) = -m - 9. Let k(w) = -2*w - 7. Let c(h) = l*k(h) + 2*o(h). Determine c(-3).
-9
Let b(q) be the second derivative of -5*q**3/6 - 103*q**2/2 - 3*q + 33. What is b(-20)?
-3
Let r = -6204 - -6196. Let j(w) = -w**3 - 9*w**2 + 3*w + 85. What is j(r)?
-3
Let x be (-1 - (-5)/(-2))*(-4 - -2). Let n(d) = 0*d - 4*d - x + 2 + 11*d + 2*d + d**2. Give n(-10).
5
Let v(m) = m**3 - 5*m**2 - 2*m + 3. Let l(t) = t + 7. Let q be l(-7). Suppose -2*s - p + 6 = s, 10 = 5*s - 4*p. Let x be q/s - (-3 + -2). Determine v(x).
-7
Let p(k) = -3*k**2 + 33 + k**3 + 11 - 50. Determine p(4).
10
Let i = 34 - 32. Let r(w) = 8 - w - 5 + 7 + i. Let x(s) = s**3 + 7*s**2 - 10*s - 10. Let k be x(-8). Calculate r(k).
6
Let b be (-68)/(-884) + (-1)/(39/(-114)). Let k(s) be the first derivative of 23 - 1/2*s**2 + 1/3*s**b + 0*s. Give k(4).
12
Let w(l) = l**3 - 12*l**2 + 2. Suppose m - 16 = -u, -4*m + 1 + 15 = 0. Let z be w(u). Let o(p) = 42 + 3*p**z - 43 - p**3 - 5*p**2. What is o(-2)?
-1
Let x(h) = 3*h**2 - 82*h - 56. Let y be x(28). Let f(m) = -m + 5. Let l(z) = z - 6. Let a(j) = -5*f(j) - 6*l(j). What is a(y)?
11
Suppose -5*y + 25 = 24*h - 19*h, -5*h + 1 = -3*y. Let g(t) be the first derivative of -t**3/3 + t**2 + 2. Give g(y).
-3
Let u(l) = 4*l - 13. Let s(v) = -3*v + 24. Let h(i) = -7*i + 48. Let r(g) = 4*h(g) - 7*s(g). Let t(b) = 3*r(b) + 5*u(b). What is t(9)?
-2
Let u(s) = 2*s - 5. Let y be u(4). Let q(c) = y - c - 3 + 8. Suppose -514 = 4*p + 39*l, -3*p - 3*l - 126 + 108 = 0. Give q(p).
0
Suppose t - 4*d - 30 = 0, -4*d = 5*t - 175 + 25. Suppose 0*s = -3*s - t. Let x = 3 + s. Let a(z) = -z**3 - 7*z**2 + z + 6. Calculate a(x).
-1
Let g = 82 + -63. Let v(t) = -11*t**3 + 2 - 5*t**2 - 2*t - 13*t**3 - g*t**3 + 42*t**3. Give v(-4).
-6
Let g(m) be the third derivative of m**5/60 - m**4/6 + 4*m**3/3 + 554*m**2. Give g(4).
8
Let t(b) = b**3 - 3*b**2 + 2*b - 4. Let m = 37 + -28. Suppose 144 = -3*a + m*a. Suppose 0 = -3*s + 5*x + a, 5*s - 5*x - 27 = 3. Determine t(s).
2
Let l(p) = 7*p. Let y = -127 + 11. Let s = -75 - y. Let w = s + -38. Calculate l(w).
21
Let g(z) = -z**2 - 6*z. Let t = -71 - -81. Suppose 4*b + 420 = t*b. Let y be b/(-21)*(-6)/(-4). Calculate g(y).
5
Let u(x) = 17*x**2 + 48*x - 4. Let i(l) = 16*l**2 + 39*l - 4. Let c(f) = -5*i(f) + 4*u(f). What is c(1)?
-11
Let t(o) = -4*o + 1. Let d(u) = 7 - 54*u**2 - 48*u**2 + 157*u**2 + 9*u - 56*u**2. Let b(y) = d(y) + t(y). Calculate b(6).
2
Suppose -14*v + 5*v = -306. Let z = 36 - v. Let w(t) = -6*t**2 + t. Determine w(z).
-22
Let l(z) = -6 - 3 + 7 + 2803*z - 2790*z. Give l(-4).
-54
Suppose -3*z - 2*o + 40 = 28, -z + o - 11 = 0. Let q(v) = -13*v - 42. What is q(z)?
-16
Let d(g) = -g**2 + 10*g + 7. Let i = -9251 + 9255. What is d(i)?
31
Let z(q) = -q - 1. Let w(s) = 3*s + 1. Let p(o) = w(o) + 4*z(o). Let l(h) = 2*h**3 + 4*h**2 - 8*h - 15. Let t be l(-3). What is p(t)?
6
Let v = 113 - 110. Suppose -l - 4 = -3*l, 6 = -2*c + v*l. Let h(x) = x - 8. Calculate h(c).
-8
Let w(m) = -17*m - 30. Let l = -5065 + 5062. Calculate w(l).
21
Let s(j) be the third derivative of -11*j**5/60 - j**4/24 - j**3/6 - 935*j**2. Suppose -4*t = -6*t - 2. Give s(t).
-11
Let w(u) = u**3 + 2*u**2 + 2*u - 1. Let i be 5/(-2)*(-12)/(-15). Let n(r) = r. Let o(q) = i*n(q) + w(q). Calculate o(-1).
0
Suppose 0 = -41*d + 46*d - 235. Let j = d + -41. Suppose j*w + 25 = w, 4*k = -5*w - 1. Let m(g) = g**2 - 5*g + 8. Calculate m(k).
14
Let g = 0 + 1. Let z(d) be the second derivative of 5*d**3/6 - d**2/2 - 28*d. Determine z(g).
4
Let y(p) = -p + 5. Let s(w) = -w**3 + 9*w**2 + 2*w - 9. Let r(l) = -l**2 + l - 1. Let t(a) = 5*r(a) + s(a). Let m be t(5). Determine y(m).
9
Suppose 24 = -53*j + 56*j, -q + 14*j - 119 = 0. Suppose 2*r = -3*r. Let n(t) = -4 - t**2 - 3 - 8*t + r. Calculate n(q).
0
Let o(a) = 2*a**3 - 2*a**2 - 4*a - 1. Let d = -4765 + 4768. Determine o(d).
23
Let f(x) be the third derivative of -7/60*x**5 + 0 + 38*x**2 - 1/12*x**4 + 0*x**3 + 0*x. Suppose -p - 2*m - 2 = -6*m, 0 = -4*p - 5*m - 8. What is f(p)?
-24
Let g(c) be the first derivative of -5*c - 7/3*c**3 - 1/4*c**4 - 1/2*c**2 + 8. Give g(-6).
-35
Let v(j) = -5*j - 110. Let u(w) = w + 20. Let m(r) = 11*u(r) + 2*v(r). Suppose -7*n - 2*a = -2*n - 6, n - 4*a = -12. Calculate m(n).
0
Let q(k) = -23 + 14*k - 1340*k**2 - 1341*k**2 + 5*k + 2680*k**2 - 7*k. Determine q(9).
4
Let b(u) be the third derivative of 23*u**4/24 - 143*u**3/3 - 3223*u**2. Calculate b(13).
13
Let p = 3 + -4. Let w be 1*(p + (-2)/2). Let l(c) = 43*c**2 - 6*c + 3. Let s(n) = 49*n**2 - 7*n + 3. Let d(f) = -9*l(f) + 8*s(f). Calculate d(w).
21
Let v(u) = 3*u + 24. Suppose 99 = -39*y - 57. Calculate v(y).
12
Let b(y) = -111*y - 7446 + 3507 + 3601. What is b(-3)?
-5
Let j = 24 - 17. Suppose 124 = -j*o + 33. Let i(r) = -r**3 - 12*r**2 + 12*r - 9. Calculate i(o).
4
Let k(t) = -t**3 + 6*t**2 + 5*t + 6. Suppose b - 13 - 18 = 4*h, 0 = h - 4. Suppose 2*f - b - 9 = 0. Let y = -21 + f. Give k(y).
-8
Let o(m) = m - 6 - 11 - 9 - 13. What is o(0)?
-39
Let z(p) = -11*p + 1. Let a(b) = b**3 - 7*b**2 + 14*b - 6. Let u be a(4).